{"id":2,"date":"2024-09-30T10:26:15","date_gmt":"2024-09-30T10:26:15","guid":{"rendered":"https:\/\/kva.lacktechnik-rendsburg.de\/?page_id=2"},"modified":"2024-10-01T07:43:52","modified_gmt":"2024-10-01T07:43:52","slug":"sample-page","status":"publish","type":"page","link":"https:\/\/kva.lacktechnik-rendsburg.de\/","title":{"rendered":"Kostenvoranschlag"},"content":{"rendered":"\n<figure class=\"wp-block-image size-large\"><img decoding=\"async\" src=\"https:\/\/kva.lacktechnik-rendsburg.de\/wp-content\/uploads\/2024\/09\/Logo-Lacktechnik.svg\" alt=\"\" class=\"wp-image-47\"\/><\/figure>\n\n\n<h1>Kostenvoranschlag<\/h1>\n<p>Um Ihnen einen pr\u00e4zisen und umfassenden Kostenvoranschlag f\u00fcr die Reparatur Ihres Schadens zu erstellen, <strong>ben\u00f6tigen wir einige wichtige Informationen<\/strong>, die Sie im folgenden Formular angeben k\u00f6nnen. Zus\u00e4tzlich bitten wir Sie, <strong>detaillierte Fotos des Schadens<\/strong> entweder direkt mit Ihrem Mobilger\u00e4t aufzunehmen oder bereits vorhandene Bilder hochzuladen. Diese Aufnahmen erm\u00f6glichen es uns, den Schaden besser einzusch\u00e4tzen und eine exakte Reparaturempfehlung abzugeben.<\/p>\n\n<style id=\"wpforms-css-vars-7-block-8508b2bb-b021-493b-a5c5-03a63a27e2c9\">\n\t\t\t\t#wpforms-7.wpforms-block-8508b2bb-b021-493b-a5c5-03a63a27e2c9 {\n\t\t\t\t--wpforms-label-color: #262626;\n--wpforms-label-sublabel-color: #7f7f7f;\n--wpforms-label-error-color: #ff0000;\n--wpforms-page-break-color: #dddddd;\n--wpforms-field-border-radius: 0px;\n--wpforms-field-background-color: var(--ast-global-color-5);\n--wpforms-field-border-color: var(--ast-global-color-2);\n--wpforms-field-border-color-spare: var(--ast-global-color-2);\n--wpforms-field-text-color: #444444;\n--wpforms-button-border-style: solid;\n--wpforms-button-border-radius: 0px;\n--wpforms-button-background-color: var(--ast-global-color-3);\n--wpforms-button-text-color: var(--ast-global-color-5);\n--wpforms-button-border-color: var(--ast-global-color-3);\n--wpforms-field-size-input-height: 43px;\n--wpforms-field-size-input-spacing: 15px;\n--wpforms-field-size-font-size: 16px;\n--wpforms-field-size-line-height: 19px;\n--wpforms-field-size-padding-h: 14px;\n--wpforms-field-size-checkbox-size: 16px;\n--wpforms-field-size-sublabel-spacing: 5px;\n--wpforms-field-size-icon-size: 1;\n--wpforms-label-size-font-size: 14px;\n--wpforms-label-size-line-height: 17px;\n--wpforms-label-size-sublabel-font-size: 13px;\n--wpforms-label-size-sublabel-line-height: 16px;\n--wpforms-button-size-font-size: 17px;\n--wpforms-button-size-height: 41px;\n--wpforms-button-size-padding-h: 15px;\n--wpforms-button-size-margin-top: 10px;\n--wpforms-container-shadow-size-box-shadow: none;\n\t\t\t}\n\t\t\t<\/style><div class=\"wpforms-container wpforms-container-full wpforms-container-save-resume wpforms-block wpforms-block-8508b2bb-b021-493b-a5c5-03a63a27e2c9 wpforms-render-modern\" id=\"wpforms-7\"><form id=\"wpforms-form-7\" class=\"wpforms-validate wpforms-form wpforms-ajax-form\" data-formid=\"7\" method=\"post\" enctype=\"multipart\/form-data\" action=\"\/index.php?rest_route=%2Fwp%2Fv2%2Fpages%2F2&#038;wpforms_form_id=7\" data-token=\"bbe215956e7eac1da5bbc3b8a8020ae6\" data-token-time=\"1775676876\"><noscript class=\"wpforms-error-noscript\">Bitte aktiviere JavaScript in deinem Browser, um dieses Formular fertigzustellen.<\/noscript><div id=\"wpforms-error-noscript\" style=\"display: none;\">Bitte aktiviere JavaScript in deinem Browser, um dieses Formular fertigzustellen.<\/div><div class=\"wpforms-page-indicator progress\" data-indicator=\"progress\" data-indicator-color=\"#72b239\" data-scroll=\"1\" role=\"progressbar\" aria-valuenow=\"1\" aria-valuemin=\"1\" aria-valuemax=\"3\" tabindex=\"-1\"><span class=\"wpforms-page-indicator-page-title\" data-page-1-title=\"Kontakt\" data-page-2-title=\"Fahrzeug\" data-page-3-title=\"Foto\">Kontakt<\/span><span class=\"wpforms-page-indicator-page-title-sep\" > &#8211; <\/span><span class=\"wpforms-page-indicator-steps\">Schritt <span class=\"wpforms-page-indicator-steps-current\">1<\/span> von 3<\/span><div class=\"wpforms-page-indicator-page-progress-wrap\"><div class=\"wpforms-page-indicator-page-progress\" style=\"width:33.333333333333%;background-color:#72b239\"><\/div><\/div><\/div><div class=\"wpforms-field-container\"><div class=\"wpforms-page wpforms-page-1 \" data-page=\"1\"><div id=\"wpforms-7-field_12-container\" class=\"wpforms-field wpforms-field-pagebreak\" data-field-id=\"12\"><\/div><div id=\"wpforms-7-field_5-container\" class=\"wpforms-field wpforms-field-checkbox wpforms-list-inline\" data-field-id=\"5\"><fieldset><legend class=\"wpforms-field-label\">Anrede<\/legend><ul id=\"wpforms-7-field_5\" data-choice-limit=\"1\"><li class=\"choice-1 depth-1\"><input type=\"checkbox\" id=\"wpforms-7-field_5_1\" data-rule-check-limit=\"true\" name=\"wpforms[fields][5][]\" value=\"Frau\" aria-errormessage=\"wpforms-7-field_5_1-error\"  ><label class=\"wpforms-field-label-inline\" for=\"wpforms-7-field_5_1\">Frau<\/label><\/li><li class=\"choice-2 depth-1\"><input type=\"checkbox\" id=\"wpforms-7-field_5_2\" data-rule-check-limit=\"true\" name=\"wpforms[fields][5][]\" value=\"Herr\" aria-errormessage=\"wpforms-7-field_5_2-error\"  ><label class=\"wpforms-field-label-inline\" for=\"wpforms-7-field_5_2\">Herr<\/label><\/li><li class=\"choice-3 depth-1\"><input type=\"checkbox\" id=\"wpforms-7-field_5_3\" data-rule-check-limit=\"true\" name=\"wpforms[fields][5][]\" value=\"Divers\" aria-errormessage=\"wpforms-7-field_5_3-error\"  ><label class=\"wpforms-field-label-inline\" for=\"wpforms-7-field_5_3\">Divers<\/label><\/li><\/ul><\/fieldset><\/div><div id=\"wpforms-7-field_4-container\" class=\"wpforms-field wpforms-field-text\" data-field-id=\"4\"><label class=\"wpforms-field-label\" for=\"wpforms-7-field_4\">Vorname<\/label><input type=\"text\" id=\"wpforms-7-field_4\" class=\"wpforms-field-medium\" name=\"wpforms[fields][4]\" aria-errormessage=\"wpforms-7-field_4-error\" ><\/div><div id=\"wpforms-7-field_6-container\" class=\"wpforms-field wpforms-field-text\" data-field-id=\"6\"><label class=\"wpforms-field-label\" for=\"wpforms-7-field_6\">Nachname<\/label><input type=\"text\" id=\"wpforms-7-field_6\" class=\"wpforms-field-medium\" name=\"wpforms[fields][6]\" aria-errormessage=\"wpforms-7-field_6-error\" ><\/div><div id=\"wpforms-7-field_9-container\" class=\"wpforms-field wpforms-field-phone\" data-field-id=\"9\"><label class=\"wpforms-field-label\" for=\"wpforms-7-field_9\">Telefonnummer <span class=\"wpforms-required-label\" aria-hidden=\"true\">*<\/span><\/label><input type=\"tel\" id=\"wpforms-7-field_9\" class=\"wpforms-field-medium wpforms-field-required wpforms-smart-phone-field\" data-rule-smart-phone-field=\"true\" name=\"wpforms[fields][9]\" aria-label=\"Telefonnummer\" aria-errormessage=\"wpforms-7-field_9-error\" required><\/div><div id=\"wpforms-7-field_16-container\" class=\"wpforms-field wpforms-field-email\" data-field-id=\"16\"><label class=\"wpforms-field-label\" for=\"wpforms-7-field_16\">E-Mail-Adresse<\/label><input type=\"email\" id=\"wpforms-7-field_16\" class=\"wpforms-field-medium\" name=\"wpforms[fields][16]\" spellcheck=\"false\" aria-errormessage=\"wpforms-7-field_16-error\" ><\/div><div id=\"wpforms-7-field_11-container\" class=\"wpforms-field wpforms-field-pagebreak\" data-field-id=\"11\"><div class=\"wpforms-clear wpforms-pagebreak-left\"><button class=\"wpforms-page-button wpforms-page-next wpforms-disabled\"\n\t\t\t\t\tdata-action=\"next\" data-page=\"1\" data-formid=\"7\" aria-disabled=\"true\" aria-describedby=\"wpforms-error-noscript\">Weiter<\/button><\/div><\/div><\/div><div class=\"wpforms-page wpforms-page-2  \" data-page=\"2\" style=\"display:none;\"><div id=\"wpforms-7-field_14-container\" class=\"wpforms-field wpforms-field-entry-preview\" data-field-id=\"14\"><div class=\"wpforms-entry-preview-updating-message\">Vorschau aktualisieren&#8230;<\/div><div class=\"wpforms-entry-preview-wrapper\" style=\"display: none;\"><\/div><\/div><div id=\"wpforms-7-field_17-container\" class=\"wpforms-field wpforms-field-text\" data-field-id=\"17\"><label class=\"wpforms-field-label\" for=\"wpforms-7-field_17\">Fahrzeughersteller \/ Marke<\/label><input type=\"text\" id=\"wpforms-7-field_17\" class=\"wpforms-field-medium\" name=\"wpforms[fields][17]\" aria-errormessage=\"wpforms-7-field_17-error\" ><\/div><div id=\"wpforms-7-field_18-container\" class=\"wpforms-field wpforms-field-text\" data-field-id=\"18\"><label class=\"wpforms-field-label\" for=\"wpforms-7-field_18\">Modell<\/label><input type=\"text\" id=\"wpforms-7-field_18\" class=\"wpforms-field-medium\" name=\"wpforms[fields][18]\" aria-errormessage=\"wpforms-7-field_18-error\" ><\/div><div id=\"wpforms-7-field_19-container\" class=\"wpforms-field wpforms-field-text\" data-field-id=\"19\"><label class=\"wpforms-field-label\" for=\"wpforms-7-field_19\">Baujahr<\/label><input type=\"text\" id=\"wpforms-7-field_19\" class=\"wpforms-field-medium\" name=\"wpforms[fields][19]\" aria-errormessage=\"wpforms-7-field_19-error\" ><\/div><div id=\"wpforms-7-field_42-container\" class=\"wpforms-field wpforms-field-checkbox\" data-field-id=\"42\"><fieldset><legend class=\"wpforms-field-label\">Haftungsregelung<\/legend><ul id=\"wpforms-7-field_42\" data-choice-limit=\"1\"><li class=\"choice-1 depth-1\"><input type=\"checkbox\" id=\"wpforms-7-field_42_1\" data-rule-check-limit=\"true\" name=\"wpforms[fields][42][]\" value=\"Vollkasko (Eigenschaden)\" aria-errormessage=\"wpforms-7-field_42_1-error\"  ><label class=\"wpforms-field-label-inline\" for=\"wpforms-7-field_42_1\">Vollkasko (Eigenschaden)<\/label><\/li><li class=\"choice-2 depth-1\"><input type=\"checkbox\" id=\"wpforms-7-field_42_2\" data-rule-check-limit=\"true\" name=\"wpforms[fields][42][]\" value=\"Haftpflicht (Fremdschaden)\" aria-errormessage=\"wpforms-7-field_42_2-error\"  ><label class=\"wpforms-field-label-inline\" for=\"wpforms-7-field_42_2\">Haftpflicht (Fremdschaden)<\/label><\/li><\/ul><\/fieldset><\/div><div id=\"wpforms-7-field_20-container\" class=\"wpforms-field wpforms-field-pagebreak\" data-field-id=\"20\"><div class=\"wpforms-clear wpforms-pagebreak-left\"><button class=\"wpforms-page-button wpforms-page-prev wpforms-disabled\"\n\t\t\t\t\tdata-action=\"prev\" data-page=\"2\" data-formid=\"7\" aria-disabled=\"true\" aria-describedby=\"wpforms-error-noscript\">Zur\u00fcck<\/button><button class=\"wpforms-page-button wpforms-page-next wpforms-disabled\"\n\t\t\t\t\tdata-action=\"next\" data-page=\"2\" data-formid=\"7\" aria-disabled=\"true\" aria-describedby=\"wpforms-error-noscript\">Weiter<\/button><\/div><\/div><\/div><div class=\"wpforms-page wpforms-page-3 last \" data-page=\"3\" style=\"display:none;\"><div id=\"wpforms-7-field_21-container\" class=\"wpforms-field wpforms-field-entry-preview\" data-field-id=\"21\"><div class=\"wpforms-entry-preview-updating-message\">Vorschau aktualisieren&#8230;<\/div><div class=\"wpforms-entry-preview-wrapper\" style=\"display: none;\"><\/div><\/div><div id=\"wpforms-7-field_22-container\" class=\"wpforms-field wpforms-field-html\" data-field-id=\"22\"><div id=\"wpforms-7-field_22\" aria-errormessage=\"wpforms-7-field_22-error\">\t\t\t\t\t<p>Um das betroffene <strong>Fahrzeug eindeutig zu identifizieren<\/strong> und genaue Informationen zu Farbe, Ersatzteilen und anderen relevanten Details herauszufinden, ben\u00f6tigen wir die <strong>Fahrzeug-Identifizierungsnummer<\/strong> (VIN). Diese finden Sie in der <strong>Zulassungsbescheinigung Teil 1 (Fahrzeugschein)<\/strong> unter <strong>Punkt E<\/strong>. Zus\u00e4tzlich befindet sich die VIN je nach Fahrzeugtyp an verschiedenen Stellen, wie z. B. unterhalb der Windschutzscheibe oder an anderen spezifischen Positionen am Fahrzeug.\r\n<br \/><br \/>\r\n\r\nBitte <strong>fotografieren Sie den Fahrzeugschein<\/strong> oder die VIN direkt am Fahrzeug. Optional k\u00f6nnen Sie die VIN auch in das daf\u00fcr vorgesehene Formularfeld eintragen.\t<\/p>\t\t<\/div><\/div><div id=\"wpforms-7-field_37-container\" class=\"wpforms-field wpforms-field-content\" data-field-id=\"37\"><div id=\"wpforms-7-field_37\" class=\"wpforms-field-medium wpforms-field-row\" aria-errormessage=\"wpforms-7-field_37-error\"><p><img loading=\"lazy\" decoding=\"async\" class=\"alignnone size-medium wp-image-61\" src=\"https:\/\/kva.lacktechnik-rendsburg.de\/wp-content\/uploads\/2024\/10\/Zulassungsschein-3-300x154.webp\" alt=\"\" width=\"900\" height=\"462\" srcset=\"https:\/\/kva.lacktechnik-rendsburg.de\/wp-content\/uploads\/2024\/10\/Zulassungsschein-3-300x154.webp 300w, https:\/\/kva.lacktechnik-rendsburg.de\/wp-content\/uploads\/2024\/10\/Zulassungsschein-3-1024x525.webp 1024w, https:\/\/kva.lacktechnik-rendsburg.de\/wp-content\/uploads\/2024\/10\/Zulassungsschein-3-768x394.webp 768w, https:\/\/kva.lacktechnik-rendsburg.de\/wp-content\/uploads\/2024\/10\/Zulassungsschein-3-1536x788.webp 1536w, https:\/\/kva.lacktechnik-rendsburg.de\/wp-content\/uploads\/2024\/10\/Zulassungsschein-3-2048x1050.webp 2048w\" sizes=\"auto, (max-width: 900px) 100vw, 900px\" \/><\/p>\n<div class=\"wpforms-field-content-display-frontend-clear\"><\/div><\/div><\/div><div id=\"wpforms-7-field_23-container\" class=\"wpforms-field wpforms-field-text\" data-field-id=\"23\"><label class=\"wpforms-field-label\" for=\"wpforms-7-field_23\">VIN (Fahrzeug-Identifikationsnummer) \u2013 optional<\/label><input type=\"text\" id=\"wpforms-7-field_23\" class=\"wpforms-field-medium\" name=\"wpforms[fields][23]\" aria-errormessage=\"wpforms-7-field_23-error\" ><\/div>\t\t<div id=\"wpforms-7-field_1-container\"\n\t\t\tclass=\"wpforms-field wpforms-field-text\"\n\t\t\tdata-field-type=\"text\"\n\t\t\tdata-field-id=\"1\"\n\t\t\t>\n\t\t\t<label class=\"wpforms-field-label\" for=\"wpforms-7-field_1\" >(Fahrzeug-Identifikationsnummer) Vorname VIN<\/label>\n\t\t\t<input type=\"text\" id=\"wpforms-7-field_1\" class=\"wpforms-field-medium\" name=\"wpforms[fields][1]\" >\n\t\t<\/div>\n\t\t<div id=\"wpforms-7-field_29-container\" class=\"wpforms-field wpforms-field-file-upload\" data-field-id=\"29\"><label class=\"wpforms-field-label\" for=\"wpforms-7-field_29\">Bilder<\/label><div\n\t\tclass=\"wpforms-uploader \"\n\t\tdata-field-id=\"29\"\n\t\tdata-form-id=\"7\"\n\t\tdata-input-name=\"wpforms_7_29\"\n\t\tdata-extensions=\"jpg,jpeg,jpe,gif,png,bmp,tiff,tif,webp,avif,ico,heic,heif,heics,heifs,asf,asx,wmv,wmx,wm,avi,divx,mov,qt,mpeg,mpg,mpe,mp4,m4v,ogv,webm,mkv,3gp,3gpp,3g2,3gp2,txt,asc,c,cc,h,srt,csv,tsv,ics,rtx,css,vtt,mp3,m4a,m4b,aac,ra,ram,wav,x-wav,ogg,oga,flac,mid,midi,wma,wax,mka,rtf,pdf,class,tar,zip,gz,gzip,rar,7z,psd,xcf,doc,pot,pps,ppt,wri,xla,xls,xlt,xlw,mpp,docx,docm,dotx,dotm,xlsx,xlsm,xlsb,xltx,xltm,xlam,pptx,pptm,ppsx,ppsm,potx,potm,ppam,sldx,sldm,onetoc,onetoc2,onepkg,oxps,xps,odt,odp,ods,odg,odc,odb,odf,wp,wpd,key,numbers,pages\"\n\t\tdata-max-size=\"33554432\"\n\t\tdata-max-file-number=\"10\"\n\t\tdata-post-max-size=\"33554432\"\n\t\tdata-max-parallel-uploads=\"4\"\n\t\tdata-parallel-uploads=\"true\"\n\t\tdata-file-chunk-size=\"2097152\">\n\t<div class=\"dz-message\">\n\t\t<svg  viewBox=\"0 0 640 640\" focusable=\"false\" data-icon=\"inbox\" width=\"50px\" height=\"50px\" fill=\"currentColor\" aria-hidden=\"true\">\n\t\t\t<path d=\"M352 173.3L352 384C352 401.7 337.7 416 320 416C302.3 416 288 401.7 288 384L288 173.3L246.6 214.7C234.1 227.2 213.8 227.2 201.3 214.7C188.8 202.2 188.8 181.9 201.3 169.4L297.3 73.4C309.8 60.9 330.1 60.9 342.6 73.4L438.6 169.4C451.1 181.9 451.1 202.2 438.6 214.7C426.1 227.2 405.8 227.2 393.3 214.7L352 173.3zM320 464C364.2 464 400 428.2 400 384L480 384C515.3 384 544 412.7 544 448L544 480C544 515.3 515.3 544 480 544L160 544C124.7 544 96 515.3 96 480L96 448C96 412.7 124.7 384 160 384L240 384C240 428.2 275.8 464 320 464zM464 488C477.3 488 488 477.3 488 464C488 450.7 477.3 440 464 440C450.7 440 440 450.7 440 464C440 477.3 450.7 488 464 488z\"\/>\n\t\t<\/svg>\n\n\t\t<span class=\"modern-title\">\n\t\t\t\t\t\t\tDrag &amp; Drop Files, \t\t\t\t<span>Choose Files to Upload<\/span>\n\t\t\t\t\t<\/span>\n\n\t\t\t\t\t<span class=\"modern-hint\">Du kannst bis zu 10 Dateien hochladen.<\/span>\n\t\t\t<\/div>\n<\/div>\n\n<input\n\t\ttype=\"text\"\n\t\tautocomplete=\"off\"\n\t\treadonly\n\t\tclass=\"dropzone-input\"\n\t\tstyle=\"position:absolute!important;clip:rect(0,0,0,0)!important;height:1px!important;width:1px!important;border:0!important;overflow:hidden!important;padding:0!important;margin:0!important;\"\n\t\tid=\"wpforms-7-field_29\"\n\t\tname=\"wpforms_7_29\" \t\tvalue=\"\">\n<\/div><div id=\"wpforms-7-field_25-container\" class=\"wpforms-field wpforms-field-textarea\" data-field-id=\"25\"><label class=\"wpforms-field-label\" for=\"wpforms-7-field_25\">Bemerkungen<\/label><textarea id=\"wpforms-7-field_25\" class=\"wpforms-field-medium\" name=\"wpforms[fields][25]\" aria-errormessage=\"wpforms-7-field_25-error\" ><\/textarea><\/div><div id=\"wpforms-7-field_26-container\" class=\"wpforms-field wpforms-field-html\" data-field-id=\"26\"><div id=\"wpforms-7-field_26\" aria-errormessage=\"wpforms-7-field_26-error\"><p>Alle von Ihnen angegebenen Daten werden selbstverst\u00e4ndlich <strong>vertraulich behandelt<\/strong> und ausschlie\u00dflich f\u00fcr die <strong>Erstellung des Kostenvoranschlags<\/strong> verwendet. Ihre Informationen werden <strong>nicht an Dritte weitergegeben<\/strong> und unterliegen den <strong>geltenden Datenschutzbestimmungen.<\/strong> <\/p>\r\n<p>Bitte beachten Sie, dass Sie durch <strong>Ankreuzen des entsprechenden K\u00e4stchens<\/strong> best\u00e4tigen, dass Sie unsere <a href=\"https:\/\/lacktechnik-rendsburg.de\/datenschutz\/\" target=\"_blank\">Datenschutzbestimmungen<\/a> <strong>zur Kenntnis genommen<\/strong> haben und der Verarbeitung Ihrer Daten zustimmen. Ohne diese Best\u00e4tigung kann das Formular nicht abgeschickt werden.<\/p>\r\n<\/div><\/div><div id=\"wpforms-7-field_27-container\" class=\"wpforms-field wpforms-field-checkbox\" data-field-id=\"27\"><fieldset><legend class=\"wpforms-field-label\">Ich stimme den Datenschutzbestimmungen zu. <span class=\"wpforms-required-label\" aria-hidden=\"true\">*<\/span><\/legend><ul id=\"wpforms-7-field_27\" class=\"wpforms-field-required\"><li class=\"choice-1 depth-1\"><input type=\"checkbox\" id=\"wpforms-7-field_27_1\" name=\"wpforms[fields][27][]\" value=\"Ja\" aria-errormessage=\"wpforms-7-field_27_1-error\" required ><label class=\"wpforms-field-label-inline\" for=\"wpforms-7-field_27_1\">Ja<\/label><\/li><\/ul><\/fieldset><\/div><div id=\"wpforms-7-field_13-container\" class=\"wpforms-field wpforms-field-pagebreak\" data-field-id=\"13\"><div class=\"wpforms-clear wpforms-pagebreak-left\"><button class=\"wpforms-page-button wpforms-page-prev wpforms-disabled\"\n\t\t\t\t\tdata-action=\"prev\" data-page=\"3\" data-formid=\"7\" aria-disabled=\"true\" aria-describedby=\"wpforms-error-noscript\">Zur\u00fcck<\/button><\/div><\/div><\/div><script>\n\t\t\t\t( function() {\n\t\t\t\t\tconst style = document.createElement( 'style' );\n\t\t\t\t\tstyle.appendChild( document.createTextNode( '#wpforms-7-field_1-container { position: absolute !important; overflow: hidden !important; display: inline !important; height: 1px !important; width: 1px !important; z-index: -1000 !important; padding: 0 !important; } #wpforms-7-field_1-container input { visibility: hidden; } #wpforms-conversational-form-page #wpforms-7-field_1-container label { counter-increment: none; }' ) );\n\t\t\t\t\tdocument.head.appendChild( style );\n\t\t\t\t\tdocument.currentScript?.remove();\n\t\t\t\t} )();\n\t\t\t<\/script><\/div><!-- .wpforms-field-container --><div class=\"wpforms-submit-container\" style=\"display:none;\"><input type=\"hidden\" name=\"wpforms[id]\" value=\"7\"><input type=\"hidden\" name=\"page_title\" value=\"\"><input type=\"hidden\" name=\"page_url\" value=\"https:\/\/kva.lacktechnik-rendsburg.de\/index.php?rest_route=\/wp\/v2\/pages\/2\"><input type=\"hidden\" name=\"url_referer\" value=\"\"><button type=\"submit\" name=\"wpforms[submit]\" id=\"wpforms-submit-7\" class=\"wpforms-submit\" data-alt-text=\"Wird gesendet\u00a0\u2026\" data-submit-text=\"Absenden\" aria-live=\"assertive\" value=\"wpforms-submit\">Absenden<\/button><img loading=\"lazy\" decoding=\"async\" src=\"https:\/\/kva.lacktechnik-rendsburg.de\/wp-content\/plugins\/wpforms\/assets\/images\/submit-spin.svg\" class=\"wpforms-submit-spinner\" style=\"display: none;\" width=\"26\" height=\"26\" alt=\"Wird geladen\"><\/div><\/form><\/div>  <!-- .wpforms-container -->","protected":false},"excerpt":{"rendered":"<p>Kostenvoranschlag Um Ihnen einen pr\u00e4zisen und umfassenden Kostenvoranschlag f\u00fcr die Reparatur Ihres Schadens zu erstellen, ben\u00f6tigen wir einige wichtige Informationen, [&hellip;]<\/p>\n","protected":false},"author":1,"featured_media":0,"parent":0,"menu_order":0,"comment_status":"closed","ping_status":"open","template":"","meta":{"inline_featured_image":false,"site-sidebar-layout":"default","site-content-layout":"","ast-site-content-layout":"normal-width-container","site-content-style":"boxed","site-sidebar-style":"boxed","ast-global-header-display":"","ast-banner-title-visibility":"","ast-main-header-display":"","ast-hfb-above-header-display":"","ast-hfb-below-header-display":"","ast-hfb-mobile-header-display":"","site-post-title":"disabled","ast-breadcrumbs-content":"","ast-featured-img":"","footer-sml-layout":"","theme-transparent-header-meta":"default","adv-header-id-meta":"","stick-header-meta":"","header-above-stick-meta":"","header-main-stick-meta":"","header-below-stick-meta":"","astra-migrate-meta-layouts":"set","ast-page-background-enabled":"default","ast-page-background-meta":{"desktop":{"background-color":"var(--ast-global-color-4)","background-image":"","background-repeat":"repeat","background-position":"center center","background-size":"auto","background-attachment":"scroll","background-type":"","background-media":"","overlay-type":"","overlay-color":"","overlay-opacity":"","overlay-gradient":""},"tablet":{"background-color":"","background-image":"","background-repeat":"repeat","background-position":"center center","background-size":"auto","background-attachment":"scroll","background-type":"","background-media":"","overlay-type":"","overlay-color":"","overlay-opacity":"","overlay-gradient":""},"mobile":{"background-color":"","background-image":"","background-repeat":"repeat","background-position":"center center","background-size":"auto","background-attachment":"scroll","background-type":"","background-media":"","overlay-type":"","overlay-color":"","overlay-opacity":"","overlay-gradient":""}},"ast-content-background-meta":{"desktop":{"background-color":"var(--ast-global-color-5)","background-image":"","background-repeat":"repeat","background-position":"center center","background-size":"auto","background-attachment":"scroll","background-type":"","background-media":"","overlay-type":"","overlay-color":"","overlay-opacity":"","overlay-gradient":""},"tablet":{"background-color":"var(--ast-global-color-5)","background-image":"","background-repeat":"repeat","background-position":"center center","background-size":"auto","background-attachment":"scroll","background-type":"","background-media":"","overlay-type":"","overlay-color":"","overlay-opacity":"","overlay-gradient":""},"mobile":{"background-color":"var(--ast-global-color-5)","background-image":"","background-repeat":"repeat","background-position":"center center","background-size":"auto","background-attachment":"scroll","background-type":"","background-media":"","overlay-type":"","overlay-color":"","overlay-opacity":"","overlay-gradient":""}},"footnotes":""},"class_list":["post-2","page","type-page","status-publish","hentry"],"_links":{"self":[{"href":"https:\/\/kva.lacktechnik-rendsburg.de\/index.php?rest_route=\/wp\/v2\/pages\/2","targetHints":{"allow":["GET"]}}],"collection":[{"href":"https:\/\/kva.lacktechnik-rendsburg.de\/index.php?rest_route=\/wp\/v2\/pages"}],"about":[{"href":"https:\/\/kva.lacktechnik-rendsburg.de\/index.php?rest_route=\/wp\/v2\/types\/page"}],"author":[{"embeddable":true,"href":"https:\/\/kva.lacktechnik-rendsburg.de\/index.php?rest_route=\/wp\/v2\/users\/1"}],"replies":[{"embeddable":true,"href":"https:\/\/kva.lacktechnik-rendsburg.de\/index.php?rest_route=%2Fwp%2Fv2%2Fcomments&post=2"}],"version-history":[{"count":5,"href":"https:\/\/kva.lacktechnik-rendsburg.de\/index.php?rest_route=\/wp\/v2\/pages\/2\/revisions"}],"predecessor-version":[{"id":65,"href":"https:\/\/kva.lacktechnik-rendsburg.de\/index.php?rest_route=\/wp\/v2\/pages\/2\/revisions\/65"}],"wp:attachment":[{"href":"https:\/\/kva.lacktechnik-rendsburg.de\/index.php?rest_route=%2Fwp%2Fv2%2Fmedia&parent=2"}],"curies":[{"name":"wp","href":"https:\/\/api.w.org\/{rel}","templated":true}]}}